{"id":9327,"date":"2024-07-10T14:28:07","date_gmt":"2024-07-10T14:28:07","guid":{"rendered":"https:\/\/www.catraia.pt\/bio\/joao-carola\/"},"modified":"2024-07-10T14:28:33","modified_gmt":"2024-07-10T14:28:33","slug":"joao-carola","status":"publish","type":"bios","link":"https:\/\/www.catraia.pt\/en\/bio\/joao-carola\/","title":{"rendered":"Jo\u00e3o Carola"},"content":{"rendered":"<p>Ilustrador e Autor de BD, licenciado em Design Gr\u00e1fico na Escola Superior de Artes e Design das Caldas da Rainha, cidade onde participou ativamente durante o curso na organiza\u00e7\u00e3o de exposi\u00e7\u00f5es coletivas em conjunto com a Plataforma de Ilustra\u00e7\u00e3o Implos\u00e3o, al\u00e9m de expor nelas os seus desenhos. Em 2015, em parceria com os Ateliers dos Silos, inaugura a sua primeira exposi\u00e7\u00e3o a solo \u201cA arte de adormecer s\u00f3 de manh\u00e3\u201d. De regresso a Lisboa, estudu BD e Ilustra\u00e7\u00e3o no Ar.co e organiza em 2017 na Verso Branco, juntamente com a Plataforma Implos\u00e3o, a exposi\u00e7\u00e3o individual \u201cEntras ou Sais: Imagens sobre quem e onde\u201d. Desde ent\u00e3o colaborou com publica\u00e7\u00f5es como o a Revista Gerador, Postas de Pescada, o Portuguese Small Press Year Book, e o jornal de express\u00e3o anarquista A Batalha. Em 2019 co-editou com Dois V\u00eas a antologia All Watched Over By Machines Of Loving Grace (Chili com Carne), nomeada para o pr\u00e9mio de BD Independente no Festival Internacional de Bd de Angoul\u00eame.<\/p>\n","protected":false},"excerpt":{"rendered":"<p>Ilustrador e Autor de BD, licenciado em Design Gr\u00e1fico na Escola Superior de Artes e Design das Caldas da Rainha, cidade onde participou ativamente durante o curso na organiza\u00e7\u00e3o de exposi\u00e7\u00f5es coletivas em conjunto com a Plataforma de Ilustra\u00e7\u00e3o Implos\u00e3o, al\u00e9m de expor nelas os seus desenhos. Em 2015, em parceria com os Ateliers dos [&hellip;]<\/p>\n","protected":false},"featured_media":0,"template":"","meta":{"inline_featured_image":false,"logo":""},"class_list":["post-9327","bios","type-bios","status-publish","hentry"],"yoast_head":"<!-- This site is optimized with the Yoast SEO Premium plugin v24.7 (Yoast SEO v24.7) - https:\/\/yoast.com\/wordpress\/plugins\/seo\/ -->\n<title>Jo\u00e3o Carola - CATRAIA<\/title>\n<meta name=\"robots\" content=\"index, follow, max-snippet:-1, max-image-preview:large, max-video-preview:-1\" \/>\n<link rel=\"canonical\" href=\"https:\/\/www.catraia.pt\/en\/bio\/joao-carola\/\" \/>\n<meta property=\"og:locale\" content=\"en_US\" \/>\n<meta property=\"og:type\" content=\"article\" \/>\n<meta property=\"og:title\" content=\"Jo\u00e3o Carola\" \/>\n<meta property=\"og:description\" content=\"Ilustrador e Autor de BD, licenciado em Design Gr\u00e1fico na Escola Superior de Artes e Design das Caldas da Rainha, cidade onde participou ativamente durante o curso na organiza\u00e7\u00e3o de exposi\u00e7\u00f5es coletivas em conjunto com a Plataforma de Ilustra\u00e7\u00e3o Implos\u00e3o, al\u00e9m de expor nelas os seus desenhos. Em 2015, em parceria com os Ateliers dos [&hellip;]\" \/>\n<meta property=\"og:url\" content=\"https:\/\/www.catraia.pt\/en\/bio\/joao-carola\/\" \/>\n<meta property=\"og:site_name\" content=\"CATRAIA\" \/>\n<meta property=\"article:modified_time\" content=\"2024-07-10T14:28:33+00:00\" \/>\n<meta name=\"twitter:card\" content=\"summary_large_image\" \/>\n<meta name=\"twitter:label1\" content=\"Est. reading time\" \/>\n\t<meta name=\"twitter:data1\" content=\"1 minute\" \/>\n<script type=\"application\/ld+json\" class=\"yoast-schema-graph\">{\"@context\":\"https:\/\/schema.org\",\"@graph\":[{\"@type\":\"WebPage\",\"@id\":\"https:\/\/www.catraia.pt\/bio\/joao-carola\/\",\"url\":\"https:\/\/www.catraia.pt\/bio\/joao-carola\/\",\"name\":\"Jo\u00e3o Carola - CATRAIA\",\"isPartOf\":{\"@id\":\"https:\/\/www.catraia.pt\/#website\"},\"datePublished\":\"2024-07-10T14:28:07+00:00\",\"dateModified\":\"2024-07-10T14:28:33+00:00\",\"breadcrumb\":{\"@id\":\"https:\/\/www.catraia.pt\/bio\/joao-carola\/#breadcrumb\"},\"inLanguage\":\"en-US\",\"potentialAction\":[{\"@type\":\"ReadAction\",\"target\":[\"https:\/\/www.catraia.pt\/bio\/joao-carola\/\"]}]},{\"@type\":\"BreadcrumbList\",\"@id\":\"https:\/\/www.catraia.pt\/bio\/joao-carola\/#breadcrumb\",\"itemListElement\":[{\"@type\":\"ListItem\",\"position\":1,\"name\":\"In\u00edcio\",\"item\":\"https:\/\/www.catraia.pt\/\"},{\"@type\":\"ListItem\",\"position\":2,\"name\":\"Jo\u00e3o Carola\"}]},{\"@type\":\"WebSite\",\"@id\":\"https:\/\/www.catraia.pt\/#website\",\"url\":\"https:\/\/www.catraia.pt\/\",\"name\":\"CATRAIA\",\"description\":\"A MAR\u00c9 DE ARTE SUSTENT\u00c1VEL\",\"publisher\":{\"@id\":\"https:\/\/www.catraia.pt\/#organization\"},\"potentialAction\":[{\"@type\":\"SearchAction\",\"target\":{\"@type\":\"EntryPoint\",\"urlTemplate\":\"https:\/\/www.catraia.pt\/?s={search_term_string}\"},\"query-input\":{\"@type\":\"PropertyValueSpecification\",\"valueRequired\":true,\"valueName\":\"search_term_string\"}}],\"inLanguage\":\"en-US\"},{\"@type\":\"Organization\",\"@id\":\"https:\/\/www.catraia.pt\/#organization\",\"name\":\"CATRAIA\",\"url\":\"https:\/\/www.catraia.pt\/\",\"logo\":{\"@type\":\"ImageObject\",\"inLanguage\":\"en-US\",\"@id\":\"https:\/\/www.catraia.pt\/#\/schema\/logo\/image\/\",\"url\":\"https:\/\/www.catraia.pt\/wp-content\/uploads\/2023\/03\/Group.svg\",\"contentUrl\":\"https:\/\/www.catraia.pt\/wp-content\/uploads\/2023\/03\/Group.svg\",\"width\":205,\"height\":46,\"caption\":\"CATRAIA\"},\"image\":{\"@id\":\"https:\/\/www.catraia.pt\/#\/schema\/logo\/image\/\"}}]}<\/script>\n<!-- \/ Yoast SEO Premium plugin. -->","yoast_head_json":{"title":"Jo\u00e3o Carola - CATRAIA","robots":{"index":"index","follow":"follow","max-snippet":"max-snippet:-1","max-image-preview":"max-image-preview:large","max-video-preview":"max-video-preview:-1"},"canonical":"https:\/\/www.catraia.pt\/en\/bio\/joao-carola\/","og_locale":"en_US","og_type":"article","og_title":"Jo\u00e3o Carola","og_description":"Ilustrador e Autor de BD, licenciado em Design Gr\u00e1fico na Escola Superior de Artes e Design das Caldas da Rainha, cidade onde participou ativamente durante o curso na organiza\u00e7\u00e3o de exposi\u00e7\u00f5es coletivas em conjunto com a Plataforma de Ilustra\u00e7\u00e3o Implos\u00e3o, al\u00e9m de expor nelas os seus desenhos. Em 2015, em parceria com os Ateliers dos [&hellip;]","og_url":"https:\/\/www.catraia.pt\/en\/bio\/joao-carola\/","og_site_name":"CATRAIA","article_modified_time":"2024-07-10T14:28:33+00:00","twitter_card":"summary_large_image","twitter_misc":{"Est. reading time":"1 minute"},"schema":{"@context":"https:\/\/schema.org","@graph":[{"@type":"WebPage","@id":"https:\/\/www.catraia.pt\/bio\/joao-carola\/","url":"https:\/\/www.catraia.pt\/bio\/joao-carola\/","name":"Jo\u00e3o Carola - CATRAIA","isPartOf":{"@id":"https:\/\/www.catraia.pt\/#website"},"datePublished":"2024-07-10T14:28:07+00:00","dateModified":"2024-07-10T14:28:33+00:00","breadcrumb":{"@id":"https:\/\/www.catraia.pt\/bio\/joao-carola\/#breadcrumb"},"inLanguage":"en-US","potentialAction":[{"@type":"ReadAction","target":["https:\/\/www.catraia.pt\/bio\/joao-carola\/"]}]},{"@type":"BreadcrumbList","@id":"https:\/\/www.catraia.pt\/bio\/joao-carola\/#breadcrumb","itemListElement":[{"@type":"ListItem","position":1,"name":"In\u00edcio","item":"https:\/\/www.catraia.pt\/"},{"@type":"ListItem","position":2,"name":"Jo\u00e3o Carola"}]},{"@type":"WebSite","@id":"https:\/\/www.catraia.pt\/#website","url":"https:\/\/www.catraia.pt\/","name":"CATRAIA","description":"A MAR\u00c9 DE ARTE SUSTENT\u00c1VEL","publisher":{"@id":"https:\/\/www.catraia.pt\/#organization"},"potentialAction":[{"@type":"SearchAction","target":{"@type":"EntryPoint","urlTemplate":"https:\/\/www.catraia.pt\/?s={search_term_string}"},"query-input":{"@type":"PropertyValueSpecification","valueRequired":true,"valueName":"search_term_string"}}],"inLanguage":"en-US"},{"@type":"Organization","@id":"https:\/\/www.catraia.pt\/#organization","name":"CATRAIA","url":"https:\/\/www.catraia.pt\/","logo":{"@type":"ImageObject","inLanguage":"en-US","@id":"https:\/\/www.catraia.pt\/#\/schema\/logo\/image\/","url":"https:\/\/www.catraia.pt\/wp-content\/uploads\/2023\/03\/Group.svg","contentUrl":"https:\/\/www.catraia.pt\/wp-content\/uploads\/2023\/03\/Group.svg","width":205,"height":46,"caption":"CATRAIA"},"image":{"@id":"https:\/\/www.catraia.pt\/#\/schema\/logo\/image\/"}}]}},"_links":{"self":[{"href":"https:\/\/www.catraia.pt\/en\/wp-json\/wp\/v2\/bios\/9327","targetHints":{"allow":["GET"]}}],"collection":[{"href":"https:\/\/www.catraia.pt\/en\/wp-json\/wp\/v2\/bios"}],"about":[{"href":"https:\/\/www.catraia.pt\/en\/wp-json\/wp\/v2\/types\/bios"}],"version-history":[{"count":1,"href":"https:\/\/www.catraia.pt\/en\/wp-json\/wp\/v2\/bios\/9327\/revisions"}],"predecessor-version":[{"id":9328,"href":"https:\/\/www.catraia.pt\/en\/wp-json\/wp\/v2\/bios\/9327\/revisions\/9328"}],"wp:attachment":[{"href":"https:\/\/www.catraia.pt\/en\/wp-json\/wp\/v2\/media?parent=9327"}],"curies":[{"name":"wp","href":"https:\/\/api.w.org\/{rel}","templated":true}]}}

João Carola

<p>Ilustrador e Autor de BD, licenciado em Design Gráfico na Escola Superior de Artes e Design das Caldas da Rainha, cidade onde participou ativamente durante o curso na organização de exposições coletivas em conjunto com a Plataforma de Ilustração Implosão, além de expor nelas os seus desenhos. Em 2015, em parceria com os Ateliers dos Silos, inaugura a sua primeira exposição a solo “A arte de adormecer só de manhã”. De regresso a Lisboa, estudu BD e Ilustração no Ar.co e organiza em 2017 na Verso Branco, juntamente com a Plataforma Implosão, a exposição individual “Entras ou Sais: Imagens sobre quem e onde”. Desde então colaborou com publicações como o a Revista Gerador, Postas de Pescada, o Portuguese Small Press Year Book, e o jornal de expressão anarquista A Batalha. Em 2019 co-editou com Dois Vês a antologia All Watched Over By Machines Of Loving Grace (Chili com Carne), nomeada para o prémio de BD Independente no Festival Internacional de Bd de Angoulême.</p>

<p>Ilustrador e Autor de BD, licenciado em Design Gráfico na Escola Superior de Artes e Design das Caldas da Rainha, cidade onde participou ativamente durante o curso na organização de exposições coletivas em conjunto com a Plataforma de Ilustração Implosão, além de expor nelas os seus desenhos. Em 2015, em parceria com os Ateliers dos [&hellip;]</p>

<!-- This site is optimized with the Yoast SEO Premium plugin v24.7 (Yoast SEO v24.7) - https://yoast.com/wordpress/plugins/seo/ -->
<title>João Carola - CATRAIA</title>
<meta name="robots" content="index, follow, max-snippet:-1, max-image-preview:large, max-video-preview:-1" />
<link rel="canonical" href="https://www.catraia.pt/en/bio/joao-carola/" />
<meta property="og:locale" content="en_US" />
<meta property="og:type" content="article" />
<meta property="og:title" content="João Carola" />
<meta property="og:description" content="Ilustrador e Autor de BD, licenciado em Design Gráfico na Escola Superior de Artes e Design das Caldas da Rainha, cidade onde participou ativamente durante o curso na organização de exposições coletivas em conjunto com a Plataforma de Ilustração Implosão, além de expor nelas os seus desenhos. Em 2015, em parceria com os Ateliers dos [&hellip;]" />
<meta property="og:url" content="https://www.catraia.pt/en/bio/joao-carola/" />
<meta property="og:site_name" content="CATRAIA" />
<meta property="article:modified_time" content="2024-07-10T14:28:33+00:00" />
<meta name="twitter:card" content="summary_large_image" />
<meta name="twitter:label1" content="Est. reading time" />
	<meta name="twitter:data1" content="1 minute" />
<script type="application/ld+json" class="yoast-schema-graph">{"@context":"https://schema.org","@graph":[{"@type":"WebPage","@id":"https://www.catraia.pt/bio/joao-carola/","url":"https://www.catraia.pt/bio/joao-carola/","name":"João Carola - CATRAIA","isPartOf":{"@id":"https://www.catraia.pt/#website"},"datePublished":"2024-07-10T14:28:07+00:00","dateModified":"2024-07-10T14:28:33+00:00","breadcrumb":{"@id":"https://www.catraia.pt/bio/joao-carola/#breadcrumb"},"inLanguage":"en-US","potentialAction":[{"@type":"ReadAction","target":["https://www.catraia.pt/bio/joao-carola/"]}]},{"@type":"BreadcrumbList","@id":"https://www.catraia.pt/bio/joao-carola/#breadcrumb","itemListElement":[{"@type":"ListItem","position":1,"name":"Início","item":"https://www.catraia.pt/"},{"@type":"ListItem","position":2,"name":"João Carola"}]},{"@type":"WebSite","@id":"https://www.catraia.pt/#website","url":"https://www.catraia.pt/","name":"CATRAIA","description":"A MARÉ DE ARTE SUSTENTÁVEL","publisher":{"@id":"https://www.catraia.pt/#organization"},"potentialAction":[{"@type":"SearchAction","target":{"@type":"EntryPoint","urlTemplate":"https://www.catraia.pt/?s={search_term_string}"},"query-input":{"@type":"PropertyValueSpecification","valueRequired":true,"valueName":"search_term_string"}}],"inLanguage":"en-US"},{"@type":"Organization","@id":"https://www.catraia.pt/#organization","name":"CATRAIA","url":"https://www.catraia.pt/","logo":{"@type":"ImageObject","inLanguage":"en-US","@id":"https://www.catraia.pt/#/schema/logo/image/","url":"https://www.catraia.pt/wp-content/uploads/2023/03/Group.svg","contentUrl":"https://www.catraia.pt/wp-content/uploads/2023/03/Group.svg","width":205,"height":46,"caption":"CATRAIA"},"image":{"@id":"https://www.catraia.pt/#/schema/logo/image/"}}]}</script>
<!-- / Yoast SEO Premium plugin. -->

João Carola - CATRAIA

Ilustrador e Autor de BD, licenciado em Design Gráfico na Escola Superior de Artes e Design das Caldas da Rainha, cidade onde participou ativamente durante o curso na organização de exposições coletivas em conjunto com a Plataforma de Ilustração Implosão, além de expor nelas os seus desenhos. Em 2015, em parceria com os Ateliers dos [&hellip;]

Início

A MARÉ DE ARTE SUSTENTÁVEL
