{"id":2263,"date":"2023-06-29T18:49:51","date_gmt":"2023-06-29T18:49:51","guid":{"rendered":"https:\/\/www.catraia.pt\/?post_type=eventos&#038;p=2263"},"modified":"2023-08-03T22:28:45","modified_gmt":"2023-08-03T22:28:45","slug":"herancas-musicais","status":"publish","type":"eventos","link":"https:\/\/www.catraia.pt\/en\/programa\/herancas-musicais\/","title":{"rendered":"Heran\u00e7as Musicais"},"content":{"rendered":"<p>Uma conversa guiada pelo etnomusic\u00f3logo Cl\u00e1udio Nascimento sobre a diversidade da m\u00fasica cantada em portugu\u00eas pelo mundo fora.<\/p>\n<p>Cl\u00e1udio Nascimento, GEFAC, Guilherme Marta, Emanuel Gra\u00e7a<\/p>\n","protected":false},"excerpt":{"rendered":"<p>Uma conversa guiada pelo etnomusic\u00f3logo Cl\u00e1udio Nascimento sobre a diversidade da m\u00fasica cantada em portugu\u00eas pelo mundo fora. Cl\u00e1udio Nascimento, GEFAC, Guilherme Marta, Emanuel Gra\u00e7a<\/p>\n","protected":false},"featured_media":0,"menu_order":99,"template":"","meta":{"inline_featured_image":false,"subtitle":"","show-featured-image":"0","showit-minors":"0","local":"LARGO DA FONTE","event_datetime":1692990000,"dia":1692921600,"hour":"19:00","end-time":"","age":"","fb":"","ig":"","url":"","soundcloud":""},"event_main":[],"event_type":[24],"edicao":[4,34,37],"class_list":["post-2263","eventos","type-eventos","status-publish","hentry","event_type-conversa","edicao-4","edicao-25ago23","edicao-agosto23"],"yoast_head":"<!-- This site is optimized with the Yoast SEO Premium plugin v24.7 (Yoast SEO v24.7) - https:\/\/yoast.com\/wordpress\/plugins\/seo\/ -->\n<title>Heran\u00e7as Musicais - CATRAIA<\/title>\n<meta name=\"robots\" content=\"index, follow, max-snippet:-1, max-image-preview:large, max-video-preview:-1\" \/>\n<link rel=\"canonical\" href=\"https:\/\/www.catraia.pt\/en\/programa\/herancas-musicais\/\" \/>\n<meta property=\"og:locale\" content=\"en_US\" \/>\n<meta property=\"og:type\" content=\"article\" \/>\n<meta property=\"og:title\" content=\"Heran\u00e7as Musicais\" \/>\n<meta property=\"og:description\" content=\"Uma conversa guiada pelo etnomusic\u00f3logo Cl\u00e1udio Nascimento sobre a diversidade da m\u00fasica cantada em portugu\u00eas pelo mundo fora. Cl\u00e1udio Nascimento, GEFAC, Guilherme Marta, Emanuel Gra\u00e7a\" \/>\n<meta property=\"og:url\" content=\"https:\/\/www.catraia.pt\/en\/programa\/herancas-musicais\/\" \/>\n<meta property=\"og:site_name\" content=\"CATRAIA\" \/>\n<meta property=\"article:modified_time\" content=\"2023-08-03T22:28:45+00:00\" \/>\n<meta name=\"twitter:card\" content=\"summary_large_image\" \/>\n<meta name=\"twitter:label1\" content=\"Est. reading time\" \/>\n\t<meta name=\"twitter:data1\" content=\"1 minute\" \/>\n<script type=\"application\/ld+json\" class=\"yoast-schema-graph\">{\"@context\":\"https:\/\/schema.org\",\"@graph\":[{\"@type\":\"WebPage\",\"@id\":\"https:\/\/www.catraia.pt\/programa\/herancas-musicais\/\",\"url\":\"https:\/\/www.catraia.pt\/programa\/herancas-musicais\/\",\"name\":\"Heran\u00e7as Musicais - CATRAIA\",\"isPartOf\":{\"@id\":\"https:\/\/www.catraia.pt\/#website\"},\"datePublished\":\"2023-06-29T18:49:51+00:00\",\"dateModified\":\"2023-08-03T22:28:45+00:00\",\"breadcrumb\":{\"@id\":\"https:\/\/www.catraia.pt\/programa\/herancas-musicais\/#breadcrumb\"},\"inLanguage\":\"en-US\",\"potentialAction\":[{\"@type\":\"ReadAction\",\"target\":[\"https:\/\/www.catraia.pt\/programa\/herancas-musicais\/\"]}]},{\"@type\":\"BreadcrumbList\",\"@id\":\"https:\/\/www.catraia.pt\/programa\/herancas-musicais\/#breadcrumb\",\"itemListElement\":[{\"@type\":\"ListItem\",\"position\":1,\"name\":\"In\u00edcio\",\"item\":\"https:\/\/www.catraia.pt\/\"},{\"@type\":\"ListItem\",\"position\":2,\"name\":\"Programa\u00e7\u00e3o\",\"item\":\"https:\/\/www.catraia.pt\/programa\/\"},{\"@type\":\"ListItem\",\"position\":3,\"name\":\"Heran\u00e7as Musicais\"}]},{\"@type\":\"WebSite\",\"@id\":\"https:\/\/www.catraia.pt\/#website\",\"url\":\"https:\/\/www.catraia.pt\/\",\"name\":\"CATRAIA\",\"description\":\"A MAR\u00c9 DE ARTE SUSTENT\u00c1VEL\",\"publisher\":{\"@id\":\"https:\/\/www.catraia.pt\/#organization\"},\"potentialAction\":[{\"@type\":\"SearchAction\",\"target\":{\"@type\":\"EntryPoint\",\"urlTemplate\":\"https:\/\/www.catraia.pt\/?s={search_term_string}\"},\"query-input\":{\"@type\":\"PropertyValueSpecification\",\"valueRequired\":true,\"valueName\":\"search_term_string\"}}],\"inLanguage\":\"en-US\"},{\"@type\":\"Organization\",\"@id\":\"https:\/\/www.catraia.pt\/#organization\",\"name\":\"CATRAIA\",\"url\":\"https:\/\/www.catraia.pt\/\",\"logo\":{\"@type\":\"ImageObject\",\"inLanguage\":\"en-US\",\"@id\":\"https:\/\/www.catraia.pt\/#\/schema\/logo\/image\/\",\"url\":\"https:\/\/www.catraia.pt\/wp-content\/uploads\/2023\/03\/Group.svg\",\"contentUrl\":\"https:\/\/www.catraia.pt\/wp-content\/uploads\/2023\/03\/Group.svg\",\"width\":205,\"height\":46,\"caption\":\"CATRAIA\"},\"image\":{\"@id\":\"https:\/\/www.catraia.pt\/#\/schema\/logo\/image\/\"}}]}<\/script>\n<!-- \/ Yoast SEO Premium plugin. -->","yoast_head_json":{"title":"Heran\u00e7as Musicais - CATRAIA","robots":{"index":"index","follow":"follow","max-snippet":"max-snippet:-1","max-image-preview":"max-image-preview:large","max-video-preview":"max-video-preview:-1"},"canonical":"https:\/\/www.catraia.pt\/en\/programa\/herancas-musicais\/","og_locale":"en_US","og_type":"article","og_title":"Heran\u00e7as Musicais","og_description":"Uma conversa guiada pelo etnomusic\u00f3logo Cl\u00e1udio Nascimento sobre a diversidade da m\u00fasica cantada em portugu\u00eas pelo mundo fora. Cl\u00e1udio Nascimento, GEFAC, Guilherme Marta, Emanuel Gra\u00e7a","og_url":"https:\/\/www.catraia.pt\/en\/programa\/herancas-musicais\/","og_site_name":"CATRAIA","article_modified_time":"2023-08-03T22:28:45+00:00","twitter_card":"summary_large_image","twitter_misc":{"Est. reading time":"1 minute"},"schema":{"@context":"https:\/\/schema.org","@graph":[{"@type":"WebPage","@id":"https:\/\/www.catraia.pt\/programa\/herancas-musicais\/","url":"https:\/\/www.catraia.pt\/programa\/herancas-musicais\/","name":"Heran\u00e7as Musicais - CATRAIA","isPartOf":{"@id":"https:\/\/www.catraia.pt\/#website"},"datePublished":"2023-06-29T18:49:51+00:00","dateModified":"2023-08-03T22:28:45+00:00","breadcrumb":{"@id":"https:\/\/www.catraia.pt\/programa\/herancas-musicais\/#breadcrumb"},"inLanguage":"en-US","potentialAction":[{"@type":"ReadAction","target":["https:\/\/www.catraia.pt\/programa\/herancas-musicais\/"]}]},{"@type":"BreadcrumbList","@id":"https:\/\/www.catraia.pt\/programa\/herancas-musicais\/#breadcrumb","itemListElement":[{"@type":"ListItem","position":1,"name":"In\u00edcio","item":"https:\/\/www.catraia.pt\/"},{"@type":"ListItem","position":2,"name":"Programa\u00e7\u00e3o","item":"https:\/\/www.catraia.pt\/programa\/"},{"@type":"ListItem","position":3,"name":"Heran\u00e7as Musicais"}]},{"@type":"WebSite","@id":"https:\/\/www.catraia.pt\/#website","url":"https:\/\/www.catraia.pt\/","name":"CATRAIA","description":"A MAR\u00c9 DE ARTE SUSTENT\u00c1VEL","publisher":{"@id":"https:\/\/www.catraia.pt\/#organization"},"potentialAction":[{"@type":"SearchAction","target":{"@type":"EntryPoint","urlTemplate":"https:\/\/www.catraia.pt\/?s={search_term_string}"},"query-input":{"@type":"PropertyValueSpecification","valueRequired":true,"valueName":"search_term_string"}}],"inLanguage":"en-US"},{"@type":"Organization","@id":"https:\/\/www.catraia.pt\/#organization","name":"CATRAIA","url":"https:\/\/www.catraia.pt\/","logo":{"@type":"ImageObject","inLanguage":"en-US","@id":"https:\/\/www.catraia.pt\/#\/schema\/logo\/image\/","url":"https:\/\/www.catraia.pt\/wp-content\/uploads\/2023\/03\/Group.svg","contentUrl":"https:\/\/www.catraia.pt\/wp-content\/uploads\/2023\/03\/Group.svg","width":205,"height":46,"caption":"CATRAIA"},"image":{"@id":"https:\/\/www.catraia.pt\/#\/schema\/logo\/image\/"}}]}},"_links":{"self":[{"href":"https:\/\/www.catraia.pt\/en\/wp-json\/wp\/v2\/eventos\/2263","targetHints":{"allow":["GET"]}}],"collection":[{"href":"https:\/\/www.catraia.pt\/en\/wp-json\/wp\/v2\/eventos"}],"about":[{"href":"https:\/\/www.catraia.pt\/en\/wp-json\/wp\/v2\/types\/eventos"}],"version-history":[{"count":0,"href":"https:\/\/www.catraia.pt\/en\/wp-json\/wp\/v2\/eventos\/2263\/revisions"}],"wp:attachment":[{"href":"https:\/\/www.catraia.pt\/en\/wp-json\/wp\/v2\/media?parent=2263"}],"wp:term":[{"taxonomy":"event_main","embeddable":true,"href":"https:\/\/www.catraia.pt\/en\/wp-json\/wp\/v2\/event_main?post=2263"},{"taxonomy":"event_type","embeddable":true,"href":"https:\/\/www.catraia.pt\/en\/wp-json\/wp\/v2\/event_type?post=2263"},{"taxonomy":"edicao","embeddable":true,"href":"https:\/\/www.catraia.pt\/en\/wp-json\/wp\/v2\/edicao?post=2263"}],"curies":[{"name":"wp","href":"https:\/\/api.w.org\/{rel}","templated":true}]}}

Heranças Musicais

<p>Uma conversa guiada pelo etnomusicólogo Cláudio Nascimento sobre a diversidade da música cantada em português pelo mundo fora.</p>
<p>Cláudio Nascimento, GEFAC, Guilherme Marta, Emanuel Graça</p>

<p>Uma conversa guiada pelo etnomusicólogo Cláudio Nascimento sobre a diversidade da música cantada em português pelo mundo fora. Cláudio Nascimento, GEFAC, Guilherme Marta, Emanuel Graça</p>

<!-- This site is optimized with the Yoast SEO Premium plugin v24.7 (Yoast SEO v24.7) - https://yoast.com/wordpress/plugins/seo/ -->
<title>Heranças Musicais - CATRAIA</title>
<meta name="robots" content="index, follow, max-snippet:-1, max-image-preview:large, max-video-preview:-1" />
<link rel="canonical" href="https://www.catraia.pt/en/programa/herancas-musicais/" />
<meta property="og:locale" content="en_US" />
<meta property="og:type" content="article" />
<meta property="og:title" content="Heranças Musicais" />
<meta property="og:description" content="Uma conversa guiada pelo etnomusicólogo Cláudio Nascimento sobre a diversidade da música cantada em português pelo mundo fora. Cláudio Nascimento, GEFAC, Guilherme Marta, Emanuel Graça" />
<meta property="og:url" content="https://www.catraia.pt/en/programa/herancas-musicais/" />
<meta property="og:site_name" content="CATRAIA" />
<meta property="article:modified_time" content="2023-08-03T22:28:45+00:00" />
<meta name="twitter:card" content="summary_large_image" />
<meta name="twitter:label1" content="Est. reading time" />
	<meta name="twitter:data1" content="1 minute" />
<script type="application/ld+json" class="yoast-schema-graph">{"@context":"https://schema.org","@graph":[{"@type":"WebPage","@id":"https://www.catraia.pt/programa/herancas-musicais/","url":"https://www.catraia.pt/programa/herancas-musicais/","name":"Heranças Musicais - CATRAIA","isPartOf":{"@id":"https://www.catraia.pt/#website"},"datePublished":"2023-06-29T18:49:51+00:00","dateModified":"2023-08-03T22:28:45+00:00","breadcrumb":{"@id":"https://www.catraia.pt/programa/herancas-musicais/#breadcrumb"},"inLanguage":"en-US","potentialAction":[{"@type":"ReadAction","target":["https://www.catraia.pt/programa/herancas-musicais/"]}]},{"@type":"BreadcrumbList","@id":"https://www.catraia.pt/programa/herancas-musicais/#breadcrumb","itemListElement":[{"@type":"ListItem","position":1,"name":"Início","item":"https://www.catraia.pt/"},{"@type":"ListItem","position":2,"name":"Programação","item":"https://www.catraia.pt/programa/"},{"@type":"ListItem","position":3,"name":"Heranças Musicais"}]},{"@type":"WebSite","@id":"https://www.catraia.pt/#website","url":"https://www.catraia.pt/","name":"CATRAIA","description":"A MARÉ DE ARTE SUSTENTÁVEL","publisher":{"@id":"https://www.catraia.pt/#organization"},"potentialAction":[{"@type":"SearchAction","target":{"@type":"EntryPoint","urlTemplate":"https://www.catraia.pt/?s={search_term_string}"},"query-input":{"@type":"PropertyValueSpecification","valueRequired":true,"valueName":"search_term_string"}}],"inLanguage":"en-US"},{"@type":"Organization","@id":"https://www.catraia.pt/#organization","name":"CATRAIA","url":"https://www.catraia.pt/","logo":{"@type":"ImageObject","inLanguage":"en-US","@id":"https://www.catraia.pt/#/schema/logo/image/","url":"https://www.catraia.pt/wp-content/uploads/2023/03/Group.svg","contentUrl":"https://www.catraia.pt/wp-content/uploads/2023/03/Group.svg","width":205,"height":46,"caption":"CATRAIA"},"image":{"@id":"https://www.catraia.pt/#/schema/logo/image/"}}]}</script>
<!-- / Yoast SEO Premium plugin. -->

Heranças Musicais - CATRAIA

Uma conversa guiada pelo etnomusicólogo Cláudio Nascimento sobre a diversidade da música cantada em português pelo mundo fora. Cláudio Nascimento, GEFAC, Guilherme Marta, Emanuel Graça

Início

Programação

A MARÉ DE ARTE SUSTENTÁVEL
