{"id":9302,"date":"2024-07-10T14:03:25","date_gmt":"2024-07-10T14:03:25","guid":{"rendered":"https:\/\/www.catraia.pt\/?post_type=eventos&#038;p=9302"},"modified":"2024-08-14T21:35:40","modified_gmt":"2024-08-14T21:35:40","slug":"la-tremenda-sonora","status":"publish","type":"eventos","link":"https:\/\/www.catraia.pt\/en\/programa\/la-tremenda-sonora\/","title":{"rendered":"La Tremenda Sonora"},"content":{"rendered":"<p>Ritmo, dan\u00e7a, energia e muuuita salsa &#8211; isto tudo junto num caldeir\u00e3o multicultural que implode nessa nova Lisboa. V\u00e3o extravasar essas ra\u00edzes at\u00e9 \u00e0 Praia da Tocha numa noite que nos transporta at\u00e9 \u00e0 Am\u00e9rica Latina, misturada com o que bem vos apetecer. S\u00e3o os La Tremenda Sonora e as m\u00faltiplas identidades dos m\u00fasicos que lhe d\u00e3o corpo. Este \u00e9 para mesmo para tirar o p\u00e9 do ch\u00e3o!<\/p>\n","protected":false},"excerpt":{"rendered":"<p>Ritmo, dan\u00e7a, energia e muuuita salsa &#8211; isto tudo junto num caldeir\u00e3o multicultural que implode nessa nova Lisboa. V\u00e3o extravasar essas ra\u00edzes at\u00e9 \u00e0 Praia da Tocha numa noite que nos transporta at\u00e9 \u00e0 Am\u00e9rica Latina, misturada com o que bem vos apetecer. S\u00e3o os La Tremenda Sonora e as m\u00faltiplas identidades dos m\u00fasicos que [&hellip;]<\/p>\n","protected":false},"featured_media":9305,"menu_order":0,"template":"","meta":{"inline_featured_image":false,"subtitle":"","show-featured-image":"1","showit-minors":"0","local":"Largo da Fonte","event_datetime":1724542200,"dia":1724457600,"hour":"23:30","end-time":"","age":"","fb":"","ig":"","url":"","soundcloud":""},"event_main":[116],"event_type":[],"edicao":[85,89,86],"class_list":["post-9302","eventos","type-eventos","status-publish","has-post-thumbnail","hentry","event_main-musica","edicao-85","edicao-24ago24","edicao-agosto24"],"yoast_head":"<!-- This site is optimized with the Yoast SEO Premium plugin v24.7 (Yoast SEO v24.7) - https:\/\/yoast.com\/wordpress\/plugins\/seo\/ -->\n<title>La Tremenda Sonora - CATRAIA<\/title>\n<meta name=\"robots\" content=\"index, follow, max-snippet:-1, max-image-preview:large, max-video-preview:-1\" \/>\n<link rel=\"canonical\" href=\"https:\/\/www.catraia.pt\/en\/programa\/la-tremenda-sonora\/\" \/>\n<meta property=\"og:locale\" content=\"en_US\" \/>\n<meta property=\"og:type\" content=\"article\" \/>\n<meta property=\"og:title\" content=\"La Tremenda Sonora\" \/>\n<meta property=\"og:description\" content=\"Ritmo, dan\u00e7a, energia e muuuita salsa &#8211; isto tudo junto num caldeir\u00e3o multicultural que implode nessa nova Lisboa. V\u00e3o extravasar essas ra\u00edzes at\u00e9 \u00e0 Praia da Tocha numa noite que nos transporta at\u00e9 \u00e0 Am\u00e9rica Latina, misturada com o que bem vos apetecer. S\u00e3o os La Tremenda Sonora e as m\u00faltiplas identidades dos m\u00fasicos que [&hellip;]\" \/>\n<meta property=\"og:url\" content=\"https:\/\/www.catraia.pt\/en\/programa\/la-tremenda-sonora\/\" \/>\n<meta property=\"og:site_name\" content=\"CATRAIA\" \/>\n<meta property=\"article:modified_time\" content=\"2024-08-14T21:35:40+00:00\" \/>\n<meta property=\"og:image\" content=\"https:\/\/www.catraia.pt\/wp-content\/uploads\/2024\/07\/423325823_10232178590868085_8071125554970971959_n.jpg\" \/>\n\t<meta property=\"og:image:width\" content=\"2048\" \/>\n\t<meta property=\"og:image:height\" content=\"917\" \/>\n\t<meta property=\"og:image:type\" content=\"image\/jpeg\" \/>\n<meta name=\"twitter:card\" content=\"summary_large_image\" \/>\n<meta name=\"twitter:label1\" content=\"Est. reading time\" \/>\n\t<meta name=\"twitter:data1\" content=\"1 minute\" \/>\n<script type=\"application\/ld+json\" class=\"yoast-schema-graph\">{\"@context\":\"https:\/\/schema.org\",\"@graph\":[{\"@type\":\"WebPage\",\"@id\":\"https:\/\/www.catraia.pt\/programa\/la-tremenda-sonora\/\",\"url\":\"https:\/\/www.catraia.pt\/programa\/la-tremenda-sonora\/\",\"name\":\"La Tremenda Sonora - CATRAIA\",\"isPartOf\":{\"@id\":\"https:\/\/www.catraia.pt\/#website\"},\"primaryImageOfPage\":{\"@id\":\"https:\/\/www.catraia.pt\/programa\/la-tremenda-sonora\/#primaryimage\"},\"image\":{\"@id\":\"https:\/\/www.catraia.pt\/programa\/la-tremenda-sonora\/#primaryimage\"},\"thumbnailUrl\":\"https:\/\/www.catraia.pt\/wp-content\/uploads\/2024\/07\/423325823_10232178590868085_8071125554970971959_n.jpg\",\"datePublished\":\"2024-07-10T14:03:25+00:00\",\"dateModified\":\"2024-08-14T21:35:40+00:00\",\"breadcrumb\":{\"@id\":\"https:\/\/www.catraia.pt\/programa\/la-tremenda-sonora\/#breadcrumb\"},\"inLanguage\":\"en-US\",\"potentialAction\":[{\"@type\":\"ReadAction\",\"target\":[\"https:\/\/www.catraia.pt\/programa\/la-tremenda-sonora\/\"]}]},{\"@type\":\"ImageObject\",\"inLanguage\":\"en-US\",\"@id\":\"https:\/\/www.catraia.pt\/programa\/la-tremenda-sonora\/#primaryimage\",\"url\":\"https:\/\/www.catraia.pt\/wp-content\/uploads\/2024\/07\/423325823_10232178590868085_8071125554970971959_n.jpg\",\"contentUrl\":\"https:\/\/www.catraia.pt\/wp-content\/uploads\/2024\/07\/423325823_10232178590868085_8071125554970971959_n.jpg\",\"width\":2048,\"height\":917},{\"@type\":\"BreadcrumbList\",\"@id\":\"https:\/\/www.catraia.pt\/programa\/la-tremenda-sonora\/#breadcrumb\",\"itemListElement\":[{\"@type\":\"ListItem\",\"position\":1,\"name\":\"In\u00edcio\",\"item\":\"https:\/\/www.catraia.pt\/\"},{\"@type\":\"ListItem\",\"position\":2,\"name\":\"Programa\u00e7\u00e3o\",\"item\":\"https:\/\/www.catraia.pt\/programa\/\"},{\"@type\":\"ListItem\",\"position\":3,\"name\":\"La Tremenda Sonora\"}]},{\"@type\":\"WebSite\",\"@id\":\"https:\/\/www.catraia.pt\/#website\",\"url\":\"https:\/\/www.catraia.pt\/\",\"name\":\"CATRAIA\",\"description\":\"A MAR\u00c9 DE ARTE SUSTENT\u00c1VEL\",\"publisher\":{\"@id\":\"https:\/\/www.catraia.pt\/#organization\"},\"potentialAction\":[{\"@type\":\"SearchAction\",\"target\":{\"@type\":\"EntryPoint\",\"urlTemplate\":\"https:\/\/www.catraia.pt\/?s={search_term_string}\"},\"query-input\":{\"@type\":\"PropertyValueSpecification\",\"valueRequired\":true,\"valueName\":\"search_term_string\"}}],\"inLanguage\":\"en-US\"},{\"@type\":\"Organization\",\"@id\":\"https:\/\/www.catraia.pt\/#organization\",\"name\":\"CATRAIA\",\"url\":\"https:\/\/www.catraia.pt\/\",\"logo\":{\"@type\":\"ImageObject\",\"inLanguage\":\"en-US\",\"@id\":\"https:\/\/www.catraia.pt\/#\/schema\/logo\/image\/\",\"url\":\"https:\/\/www.catraia.pt\/wp-content\/uploads\/2023\/03\/Group.svg\",\"contentUrl\":\"https:\/\/www.catraia.pt\/wp-content\/uploads\/2023\/03\/Group.svg\",\"width\":205,\"height\":46,\"caption\":\"CATRAIA\"},\"image\":{\"@id\":\"https:\/\/www.catraia.pt\/#\/schema\/logo\/image\/\"}}]}<\/script>\n<!-- \/ Yoast SEO Premium plugin. -->","yoast_head_json":{"title":"La Tremenda Sonora - CATRAIA","robots":{"index":"index","follow":"follow","max-snippet":"max-snippet:-1","max-image-preview":"max-image-preview:large","max-video-preview":"max-video-preview:-1"},"canonical":"https:\/\/www.catraia.pt\/en\/programa\/la-tremenda-sonora\/","og_locale":"en_US","og_type":"article","og_title":"La Tremenda Sonora","og_description":"Ritmo, dan\u00e7a, energia e muuuita salsa &#8211; isto tudo junto num caldeir\u00e3o multicultural que implode nessa nova Lisboa. V\u00e3o extravasar essas ra\u00edzes at\u00e9 \u00e0 Praia da Tocha numa noite que nos transporta at\u00e9 \u00e0 Am\u00e9rica Latina, misturada com o que bem vos apetecer. S\u00e3o os La Tremenda Sonora e as m\u00faltiplas identidades dos m\u00fasicos que [&hellip;]","og_url":"https:\/\/www.catraia.pt\/en\/programa\/la-tremenda-sonora\/","og_site_name":"CATRAIA","article_modified_time":"2024-08-14T21:35:40+00:00","og_image":[{"width":2048,"height":917,"url":"https:\/\/www.catraia.pt\/wp-content\/uploads\/2024\/07\/423325823_10232178590868085_8071125554970971959_n.jpg","type":"image\/jpeg"}],"twitter_card":"summary_large_image","twitter_misc":{"Est. reading time":"1 minute"},"schema":{"@context":"https:\/\/schema.org","@graph":[{"@type":"WebPage","@id":"https:\/\/www.catraia.pt\/programa\/la-tremenda-sonora\/","url":"https:\/\/www.catraia.pt\/programa\/la-tremenda-sonora\/","name":"La Tremenda Sonora - CATRAIA","isPartOf":{"@id":"https:\/\/www.catraia.pt\/#website"},"primaryImageOfPage":{"@id":"https:\/\/www.catraia.pt\/programa\/la-tremenda-sonora\/#primaryimage"},"image":{"@id":"https:\/\/www.catraia.pt\/programa\/la-tremenda-sonora\/#primaryimage"},"thumbnailUrl":"https:\/\/www.catraia.pt\/wp-content\/uploads\/2024\/07\/423325823_10232178590868085_8071125554970971959_n.jpg","datePublished":"2024-07-10T14:03:25+00:00","dateModified":"2024-08-14T21:35:40+00:00","breadcrumb":{"@id":"https:\/\/www.catraia.pt\/programa\/la-tremenda-sonora\/#breadcrumb"},"inLanguage":"en-US","potentialAction":[{"@type":"ReadAction","target":["https:\/\/www.catraia.pt\/programa\/la-tremenda-sonora\/"]}]},{"@type":"ImageObject","inLanguage":"en-US","@id":"https:\/\/www.catraia.pt\/programa\/la-tremenda-sonora\/#primaryimage","url":"https:\/\/www.catraia.pt\/wp-content\/uploads\/2024\/07\/423325823_10232178590868085_8071125554970971959_n.jpg","contentUrl":"https:\/\/www.catraia.pt\/wp-content\/uploads\/2024\/07\/423325823_10232178590868085_8071125554970971959_n.jpg","width":2048,"height":917},{"@type":"BreadcrumbList","@id":"https:\/\/www.catraia.pt\/programa\/la-tremenda-sonora\/#breadcrumb","itemListElement":[{"@type":"ListItem","position":1,"name":"In\u00edcio","item":"https:\/\/www.catraia.pt\/"},{"@type":"ListItem","position":2,"name":"Programa\u00e7\u00e3o","item":"https:\/\/www.catraia.pt\/programa\/"},{"@type":"ListItem","position":3,"name":"La Tremenda Sonora"}]},{"@type":"WebSite","@id":"https:\/\/www.catraia.pt\/#website","url":"https:\/\/www.catraia.pt\/","name":"CATRAIA","description":"A MAR\u00c9 DE ARTE SUSTENT\u00c1VEL","publisher":{"@id":"https:\/\/www.catraia.pt\/#organization"},"potentialAction":[{"@type":"SearchAction","target":{"@type":"EntryPoint","urlTemplate":"https:\/\/www.catraia.pt\/?s={search_term_string}"},"query-input":{"@type":"PropertyValueSpecification","valueRequired":true,"valueName":"search_term_string"}}],"inLanguage":"en-US"},{"@type":"Organization","@id":"https:\/\/www.catraia.pt\/#organization","name":"CATRAIA","url":"https:\/\/www.catraia.pt\/","logo":{"@type":"ImageObject","inLanguage":"en-US","@id":"https:\/\/www.catraia.pt\/#\/schema\/logo\/image\/","url":"https:\/\/www.catraia.pt\/wp-content\/uploads\/2023\/03\/Group.svg","contentUrl":"https:\/\/www.catraia.pt\/wp-content\/uploads\/2023\/03\/Group.svg","width":205,"height":46,"caption":"CATRAIA"},"image":{"@id":"https:\/\/www.catraia.pt\/#\/schema\/logo\/image\/"}}]}},"_links":{"self":[{"href":"https:\/\/www.catraia.pt\/en\/wp-json\/wp\/v2\/eventos\/9302","targetHints":{"allow":["GET"]}}],"collection":[{"href":"https:\/\/www.catraia.pt\/en\/wp-json\/wp\/v2\/eventos"}],"about":[{"href":"https:\/\/www.catraia.pt\/en\/wp-json\/wp\/v2\/types\/eventos"}],"version-history":[{"count":1,"href":"https:\/\/www.catraia.pt\/en\/wp-json\/wp\/v2\/eventos\/9302\/revisions"}],"predecessor-version":[{"id":9306,"href":"https:\/\/www.catraia.pt\/en\/wp-json\/wp\/v2\/eventos\/9302\/revisions\/9306"}],"wp:featuredmedia":[{"embeddable":true,"href":"https:\/\/www.catraia.pt\/en\/wp-json\/wp\/v2\/media\/9305"}],"wp:attachment":[{"href":"https:\/\/www.catraia.pt\/en\/wp-json\/wp\/v2\/media?parent=9302"}],"wp:term":[{"taxonomy":"event_main","embeddable":true,"href":"https:\/\/www.catraia.pt\/en\/wp-json\/wp\/v2\/event_main?post=9302"},{"taxonomy":"event_type","embeddable":true,"href":"https:\/\/www.catraia.pt\/en\/wp-json\/wp\/v2\/event_type?post=9302"},{"taxonomy":"edicao","embeddable":true,"href":"https:\/\/www.catraia.pt\/en\/wp-json\/wp\/v2\/edicao?post=9302"}],"curies":[{"name":"wp","href":"https:\/\/api.w.org\/{rel}","templated":true}]}}

<p>Ritmo, dança, energia e muuuita salsa &#8211; isto tudo junto num caldeirão multicultural que implode nessa nova Lisboa. Vão extravasar essas raízes até à Praia da Tocha numa noite que nos transporta até à América Latina, misturada com o que bem vos apetecer. São os La Tremenda Sonora e as múltiplas identidades dos músicos que lhe dão corpo. Este é para mesmo para tirar o pé do chão!</p>

<p>Ritmo, dança, energia e muuuita salsa &#8211; isto tudo junto num caldeirão multicultural que implode nessa nova Lisboa. Vão extravasar essas raízes até à Praia da Tocha numa noite que nos transporta até à América Latina, misturada com o que bem vos apetecer. São os La Tremenda Sonora e as múltiplas identidades dos músicos que [&hellip;]</p>

<!-- This site is optimized with the Yoast SEO Premium plugin v24.7 (Yoast SEO v24.7) - https://yoast.com/wordpress/plugins/seo/ -->
<title>La Tremenda Sonora - CATRAIA</title>
<meta name="robots" content="index, follow, max-snippet:-1, max-image-preview:large, max-video-preview:-1" />
<link rel="canonical" href="https://www.catraia.pt/en/programa/la-tremenda-sonora/" />
<meta property="og:locale" content="en_US" />
<meta property="og:type" content="article" />
<meta property="og:title" content="La Tremenda Sonora" />
<meta property="og:description" content="Ritmo, dança, energia e muuuita salsa &#8211; isto tudo junto num caldeirão multicultural que implode nessa nova Lisboa. Vão extravasar essas raízes até à Praia da Tocha numa noite que nos transporta até à América Latina, misturada com o que bem vos apetecer. São os La Tremenda Sonora e as múltiplas identidades dos músicos que [&hellip;]" />
<meta property="og:url" content="https://www.catraia.pt/en/programa/la-tremenda-sonora/" />
<meta property="og:site_name" content="CATRAIA" />
<meta property="article:modified_time" content="2024-08-14T21:35:40+00:00" />
<meta property="og:image" content="https://www.catraia.pt/wp-content/uploads/2024/07/423325823_10232178590868085_8071125554970971959_n.jpg" />
	<meta property="og:image:width" content="2048" />
	<meta property="og:image:height" content="917" />
	<meta property="og:image:type" content="image/jpeg" />
<meta name="twitter:card" content="summary_large_image" />
<meta name="twitter:label1" content="Est. reading time" />
	<meta name="twitter:data1" content="1 minute" />
<script type="application/ld+json" class="yoast-schema-graph">{"@context":"https://schema.org","@graph":[{"@type":"WebPage","@id":"https://www.catraia.pt/programa/la-tremenda-sonora/","url":"https://www.catraia.pt/programa/la-tremenda-sonora/","name":"La Tremenda Sonora - CATRAIA","isPartOf":{"@id":"https://www.catraia.pt/#website"},"primaryImageOfPage":{"@id":"https://www.catraia.pt/programa/la-tremenda-sonora/#primaryimage"},"image":{"@id":"https://www.catraia.pt/programa/la-tremenda-sonora/#primaryimage"},"thumbnailUrl":"https://www.catraia.pt/wp-content/uploads/2024/07/423325823_10232178590868085_8071125554970971959_n.jpg","datePublished":"2024-07-10T14:03:25+00:00","dateModified":"2024-08-14T21:35:40+00:00","breadcrumb":{"@id":"https://www.catraia.pt/programa/la-tremenda-sonora/#breadcrumb"},"inLanguage":"en-US","potentialAction":[{"@type":"ReadAction","target":["https://www.catraia.pt/programa/la-tremenda-sonora/"]}]},{"@type":"ImageObject","inLanguage":"en-US","@id":"https://www.catraia.pt/programa/la-tremenda-sonora/#primaryimage","url":"https://www.catraia.pt/wp-content/uploads/2024/07/423325823_10232178590868085_8071125554970971959_n.jpg","contentUrl":"https://www.catraia.pt/wp-content/uploads/2024/07/423325823_10232178590868085_8071125554970971959_n.jpg","width":2048,"height":917},{"@type":"BreadcrumbList","@id":"https://www.catraia.pt/programa/la-tremenda-sonora/#breadcrumb","itemListElement":[{"@type":"ListItem","position":1,"name":"Início","item":"https://www.catraia.pt/"},{"@type":"ListItem","position":2,"name":"Programação","item":"https://www.catraia.pt/programa/"},{"@type":"ListItem","position":3,"name":"La Tremenda Sonora"}]},{"@type":"WebSite","@id":"https://www.catraia.pt/#website","url":"https://www.catraia.pt/","name":"CATRAIA","description":"A MARÉ DE ARTE SUSTENTÁVEL","publisher":{"@id":"https://www.catraia.pt/#organization"},"potentialAction":[{"@type":"SearchAction","target":{"@type":"EntryPoint","urlTemplate":"https://www.catraia.pt/?s={search_term_string}"},"query-input":{"@type":"PropertyValueSpecification","valueRequired":true,"valueName":"search_term_string"}}],"inLanguage":"en-US"},{"@type":"Organization","@id":"https://www.catraia.pt/#organization","name":"CATRAIA","url":"https://www.catraia.pt/","logo":{"@type":"ImageObject","inLanguage":"en-US","@id":"https://www.catraia.pt/#/schema/logo/image/","url":"https://www.catraia.pt/wp-content/uploads/2023/03/Group.svg","contentUrl":"https://www.catraia.pt/wp-content/uploads/2023/03/Group.svg","width":205,"height":46,"caption":"CATRAIA"},"image":{"@id":"https://www.catraia.pt/#/schema/logo/image/"}}]}</script>
<!-- / Yoast SEO Premium plugin. -->

Ritmo, dança, energia e muuuita salsa &#8211; isto tudo junto num caldeirão multicultural que implode nessa nova Lisboa. Vão extravasar essas raízes até à Praia da Tocha numa noite que nos transporta até à América Latina, misturada com o que bem vos apetecer. São os La Tremenda Sonora e as múltiplas identidades dos músicos que [&hellip;]

Início

Programação

A MARÉ DE ARTE SUSTENTÁVEL
