{"id":9435,"date":"2024-08-06T19:14:02","date_gmt":"2024-08-06T19:14:02","guid":{"rendered":"https:\/\/www.catraia.pt\/?post_type=eventos&#038;p=9435"},"modified":"2024-09-04T01:47:50","modified_gmt":"2024-09-04T01:47:50","slug":"expressao-dramatica-2","status":"publish","type":"eventos","link":"https:\/\/www.catraia.pt\/en\/programa\/expressao-dramatica-2\/","title":{"rendered":"Express\u00e3o Dram\u00e1tica"},"content":{"rendered":"<p>Uma oficina para aprender a conhecer, dominar e expressar o corpo como instrumento principal da comunica\u00e7\u00e3o. Uma oportunidade de explorar as potencialidades do corpo e da voz e de desligar, improvisando, criando hist\u00f3rias e comunicando com os outros.<\/p>\n","protected":false},"excerpt":{"rendered":"<p>Uma oficina para aprender a conhecer, dominar e expressar o corpo como instrumento principal da comunica\u00e7\u00e3o. Uma oportunidade de explorar as potencialidades do corpo e da voz e de desligar, improvisando, criando hist\u00f3rias e comunicando com os outros.<\/p>\n","protected":false},"featured_media":0,"menu_order":0,"template":"","meta":{"inline_featured_image":false,"subtitle":"Oficina","show-featured-image":"0","showit-minors":"0","local":"Capela","event_datetime":1724284800,"dia":1724284800,"hour":"14:00","end-time":"16:00","age":"","fb":"","ig":"","url":"","soundcloud":""},"event_main":[118],"event_type":[120],"edicao":[85,87,86],"class_list":["post-9435","eventos","type-eventos","status-publish","hentry","event_main-partilha","event_type-oficinas-atividades","edicao-85","edicao-22ago24","edicao-agosto24"],"yoast_head":"<!-- This site is optimized with the Yoast SEO Premium plugin v24.7 (Yoast SEO v24.7) - https:\/\/yoast.com\/wordpress\/plugins\/seo\/ -->\n<title>Express\u00e3o Dram\u00e1tica - CATRAIA<\/title>\n<meta name=\"robots\" content=\"index, follow, max-snippet:-1, max-image-preview:large, max-video-preview:-1\" \/>\n<link rel=\"canonical\" href=\"https:\/\/www.catraia.pt\/en\/programa\/expressao-dramatica-2\/\" \/>\n<meta property=\"og:locale\" content=\"en_US\" \/>\n<meta property=\"og:type\" content=\"article\" \/>\n<meta property=\"og:title\" content=\"Express\u00e3o Dram\u00e1tica\" \/>\n<meta property=\"og:description\" content=\"Uma oficina para aprender a conhecer, dominar e expressar o corpo como instrumento principal da comunica\u00e7\u00e3o. Uma oportunidade de explorar as potencialidades do corpo e da voz e de desligar, improvisando, criando hist\u00f3rias e comunicando com os outros.\" \/>\n<meta property=\"og:url\" content=\"https:\/\/www.catraia.pt\/en\/programa\/expressao-dramatica-2\/\" \/>\n<meta property=\"og:site_name\" content=\"CATRAIA\" \/>\n<meta property=\"article:modified_time\" content=\"2024-09-04T01:47:50+00:00\" \/>\n<meta name=\"twitter:card\" content=\"summary_large_image\" \/>\n<meta name=\"twitter:label1\" content=\"Est. reading time\" \/>\n\t<meta name=\"twitter:data1\" content=\"1 minute\" \/>\n<script type=\"application\/ld+json\" class=\"yoast-schema-graph\">{\"@context\":\"https:\/\/schema.org\",\"@graph\":[{\"@type\":\"WebPage\",\"@id\":\"https:\/\/www.catraia.pt\/programa\/expressao-dramatica-2\/\",\"url\":\"https:\/\/www.catraia.pt\/programa\/expressao-dramatica-2\/\",\"name\":\"Express\u00e3o Dram\u00e1tica - CATRAIA\",\"isPartOf\":{\"@id\":\"https:\/\/www.catraia.pt\/#website\"},\"datePublished\":\"2024-08-06T19:14:02+00:00\",\"dateModified\":\"2024-09-04T01:47:50+00:00\",\"breadcrumb\":{\"@id\":\"https:\/\/www.catraia.pt\/programa\/expressao-dramatica-2\/#breadcrumb\"},\"inLanguage\":\"en-US\",\"potentialAction\":[{\"@type\":\"ReadAction\",\"target\":[\"https:\/\/www.catraia.pt\/programa\/expressao-dramatica-2\/\"]}]},{\"@type\":\"BreadcrumbList\",\"@id\":\"https:\/\/www.catraia.pt\/programa\/expressao-dramatica-2\/#breadcrumb\",\"itemListElement\":[{\"@type\":\"ListItem\",\"position\":1,\"name\":\"In\u00edcio\",\"item\":\"https:\/\/www.catraia.pt\/\"},{\"@type\":\"ListItem\",\"position\":2,\"name\":\"Programa\u00e7\u00e3o\",\"item\":\"https:\/\/www.catraia.pt\/programa\/\"},{\"@type\":\"ListItem\",\"position\":3,\"name\":\"Express\u00e3o Dram\u00e1tica\"}]},{\"@type\":\"WebSite\",\"@id\":\"https:\/\/www.catraia.pt\/#website\",\"url\":\"https:\/\/www.catraia.pt\/\",\"name\":\"CATRAIA\",\"description\":\"A MAR\u00c9 DE ARTE SUSTENT\u00c1VEL\",\"publisher\":{\"@id\":\"https:\/\/www.catraia.pt\/#organization\"},\"potentialAction\":[{\"@type\":\"SearchAction\",\"target\":{\"@type\":\"EntryPoint\",\"urlTemplate\":\"https:\/\/www.catraia.pt\/?s={search_term_string}\"},\"query-input\":{\"@type\":\"PropertyValueSpecification\",\"valueRequired\":true,\"valueName\":\"search_term_string\"}}],\"inLanguage\":\"en-US\"},{\"@type\":\"Organization\",\"@id\":\"https:\/\/www.catraia.pt\/#organization\",\"name\":\"CATRAIA\",\"url\":\"https:\/\/www.catraia.pt\/\",\"logo\":{\"@type\":\"ImageObject\",\"inLanguage\":\"en-US\",\"@id\":\"https:\/\/www.catraia.pt\/#\/schema\/logo\/image\/\",\"url\":\"https:\/\/www.catraia.pt\/wp-content\/uploads\/2023\/03\/Group.svg\",\"contentUrl\":\"https:\/\/www.catraia.pt\/wp-content\/uploads\/2023\/03\/Group.svg\",\"width\":205,\"height\":46,\"caption\":\"CATRAIA\"},\"image\":{\"@id\":\"https:\/\/www.catraia.pt\/#\/schema\/logo\/image\/\"}}]}<\/script>\n<!-- \/ Yoast SEO Premium plugin. -->","yoast_head_json":{"title":"Express\u00e3o Dram\u00e1tica - CATRAIA","robots":{"index":"index","follow":"follow","max-snippet":"max-snippet:-1","max-image-preview":"max-image-preview:large","max-video-preview":"max-video-preview:-1"},"canonical":"https:\/\/www.catraia.pt\/en\/programa\/expressao-dramatica-2\/","og_locale":"en_US","og_type":"article","og_title":"Express\u00e3o Dram\u00e1tica","og_description":"Uma oficina para aprender a conhecer, dominar e expressar o corpo como instrumento principal da comunica\u00e7\u00e3o. Uma oportunidade de explorar as potencialidades do corpo e da voz e de desligar, improvisando, criando hist\u00f3rias e comunicando com os outros.","og_url":"https:\/\/www.catraia.pt\/en\/programa\/expressao-dramatica-2\/","og_site_name":"CATRAIA","article_modified_time":"2024-09-04T01:47:50+00:00","twitter_card":"summary_large_image","twitter_misc":{"Est. reading time":"1 minute"},"schema":{"@context":"https:\/\/schema.org","@graph":[{"@type":"WebPage","@id":"https:\/\/www.catraia.pt\/programa\/expressao-dramatica-2\/","url":"https:\/\/www.catraia.pt\/programa\/expressao-dramatica-2\/","name":"Express\u00e3o Dram\u00e1tica - CATRAIA","isPartOf":{"@id":"https:\/\/www.catraia.pt\/#website"},"datePublished":"2024-08-06T19:14:02+00:00","dateModified":"2024-09-04T01:47:50+00:00","breadcrumb":{"@id":"https:\/\/www.catraia.pt\/programa\/expressao-dramatica-2\/#breadcrumb"},"inLanguage":"en-US","potentialAction":[{"@type":"ReadAction","target":["https:\/\/www.catraia.pt\/programa\/expressao-dramatica-2\/"]}]},{"@type":"BreadcrumbList","@id":"https:\/\/www.catraia.pt\/programa\/expressao-dramatica-2\/#breadcrumb","itemListElement":[{"@type":"ListItem","position":1,"name":"In\u00edcio","item":"https:\/\/www.catraia.pt\/"},{"@type":"ListItem","position":2,"name":"Programa\u00e7\u00e3o","item":"https:\/\/www.catraia.pt\/programa\/"},{"@type":"ListItem","position":3,"name":"Express\u00e3o Dram\u00e1tica"}]},{"@type":"WebSite","@id":"https:\/\/www.catraia.pt\/#website","url":"https:\/\/www.catraia.pt\/","name":"CATRAIA","description":"A MAR\u00c9 DE ARTE SUSTENT\u00c1VEL","publisher":{"@id":"https:\/\/www.catraia.pt\/#organization"},"potentialAction":[{"@type":"SearchAction","target":{"@type":"EntryPoint","urlTemplate":"https:\/\/www.catraia.pt\/?s={search_term_string}"},"query-input":{"@type":"PropertyValueSpecification","valueRequired":true,"valueName":"search_term_string"}}],"inLanguage":"en-US"},{"@type":"Organization","@id":"https:\/\/www.catraia.pt\/#organization","name":"CATRAIA","url":"https:\/\/www.catraia.pt\/","logo":{"@type":"ImageObject","inLanguage":"en-US","@id":"https:\/\/www.catraia.pt\/#\/schema\/logo\/image\/","url":"https:\/\/www.catraia.pt\/wp-content\/uploads\/2023\/03\/Group.svg","contentUrl":"https:\/\/www.catraia.pt\/wp-content\/uploads\/2023\/03\/Group.svg","width":205,"height":46,"caption":"CATRAIA"},"image":{"@id":"https:\/\/www.catraia.pt\/#\/schema\/logo\/image\/"}}]}},"_links":{"self":[{"href":"https:\/\/www.catraia.pt\/en\/wp-json\/wp\/v2\/eventos\/9435","targetHints":{"allow":["GET"]}}],"collection":[{"href":"https:\/\/www.catraia.pt\/en\/wp-json\/wp\/v2\/eventos"}],"about":[{"href":"https:\/\/www.catraia.pt\/en\/wp-json\/wp\/v2\/types\/eventos"}],"version-history":[{"count":1,"href":"https:\/\/www.catraia.pt\/en\/wp-json\/wp\/v2\/eventos\/9435\/revisions"}],"predecessor-version":[{"id":9437,"href":"https:\/\/www.catraia.pt\/en\/wp-json\/wp\/v2\/eventos\/9435\/revisions\/9437"}],"wp:attachment":[{"href":"https:\/\/www.catraia.pt\/en\/wp-json\/wp\/v2\/media?parent=9435"}],"wp:term":[{"taxonomy":"event_main","embeddable":true,"href":"https:\/\/www.catraia.pt\/en\/wp-json\/wp\/v2\/event_main?post=9435"},{"taxonomy":"event_type","embeddable":true,"href":"https:\/\/www.catraia.pt\/en\/wp-json\/wp\/v2\/event_type?post=9435"},{"taxonomy":"edicao","embeddable":true,"href":"https:\/\/www.catraia.pt\/en\/wp-json\/wp\/v2\/edicao?post=9435"}],"curies":[{"name":"wp","href":"https:\/\/api.w.org\/{rel}","templated":true}]}}

Expressão Dramática

<p>Uma oficina para aprender a conhecer, dominar e expressar o corpo como instrumento principal da comunicação. Uma oportunidade de explorar as potencialidades do corpo e da voz e de desligar, improvisando, criando histórias e comunicando com os outros.</p>

<!-- This site is optimized with the Yoast SEO Premium plugin v24.7 (Yoast SEO v24.7) - https://yoast.com/wordpress/plugins/seo/ -->
<title>Expressão Dramática - CATRAIA</title>
<meta name="robots" content="index, follow, max-snippet:-1, max-image-preview:large, max-video-preview:-1" />
<link rel="canonical" href="https://www.catraia.pt/en/programa/expressao-dramatica-2/" />
<meta property="og:locale" content="en_US" />
<meta property="og:type" content="article" />
<meta property="og:title" content="Expressão Dramática" />
<meta property="og:description" content="Uma oficina para aprender a conhecer, dominar e expressar o corpo como instrumento principal da comunicação. Uma oportunidade de explorar as potencialidades do corpo e da voz e de desligar, improvisando, criando histórias e comunicando com os outros." />
<meta property="og:url" content="https://www.catraia.pt/en/programa/expressao-dramatica-2/" />
<meta property="og:site_name" content="CATRAIA" />
<meta property="article:modified_time" content="2024-09-04T01:47:50+00:00" />
<meta name="twitter:card" content="summary_large_image" />
<meta name="twitter:label1" content="Est. reading time" />
	<meta name="twitter:data1" content="1 minute" />
<script type="application/ld+json" class="yoast-schema-graph">{"@context":"https://schema.org","@graph":[{"@type":"WebPage","@id":"https://www.catraia.pt/programa/expressao-dramatica-2/","url":"https://www.catraia.pt/programa/expressao-dramatica-2/","name":"Expressão Dramática - CATRAIA","isPartOf":{"@id":"https://www.catraia.pt/#website"},"datePublished":"2024-08-06T19:14:02+00:00","dateModified":"2024-09-04T01:47:50+00:00","breadcrumb":{"@id":"https://www.catraia.pt/programa/expressao-dramatica-2/#breadcrumb"},"inLanguage":"en-US","potentialAction":[{"@type":"ReadAction","target":["https://www.catraia.pt/programa/expressao-dramatica-2/"]}]},{"@type":"BreadcrumbList","@id":"https://www.catraia.pt/programa/expressao-dramatica-2/#breadcrumb","itemListElement":[{"@type":"ListItem","position":1,"name":"Início","item":"https://www.catraia.pt/"},{"@type":"ListItem","position":2,"name":"Programação","item":"https://www.catraia.pt/programa/"},{"@type":"ListItem","position":3,"name":"Expressão Dramática"}]},{"@type":"WebSite","@id":"https://www.catraia.pt/#website","url":"https://www.catraia.pt/","name":"CATRAIA","description":"A MARÉ DE ARTE SUSTENTÁVEL","publisher":{"@id":"https://www.catraia.pt/#organization"},"potentialAction":[{"@type":"SearchAction","target":{"@type":"EntryPoint","urlTemplate":"https://www.catraia.pt/?s={search_term_string}"},"query-input":{"@type":"PropertyValueSpecification","valueRequired":true,"valueName":"search_term_string"}}],"inLanguage":"en-US"},{"@type":"Organization","@id":"https://www.catraia.pt/#organization","name":"CATRAIA","url":"https://www.catraia.pt/","logo":{"@type":"ImageObject","inLanguage":"en-US","@id":"https://www.catraia.pt/#/schema/logo/image/","url":"https://www.catraia.pt/wp-content/uploads/2023/03/Group.svg","contentUrl":"https://www.catraia.pt/wp-content/uploads/2023/03/Group.svg","width":205,"height":46,"caption":"CATRAIA"},"image":{"@id":"https://www.catraia.pt/#/schema/logo/image/"}}]}</script>
<!-- / Yoast SEO Premium plugin. -->

Expressão Dramática - CATRAIA

Uma oficina para aprender a conhecer, dominar e expressar o corpo como instrumento principal da comunicação. Uma oportunidade de explorar as potencialidades do corpo e da voz e de desligar, improvisando, criando histórias e comunicando com os outros.

Início

Programação

A MARÉ DE ARTE SUSTENTÁVEL
