{"id":9475,"date":"2024-08-06T20:04:47","date_gmt":"2024-08-06T20:04:47","guid":{"rendered":"https:\/\/www.catraia.pt\/?post_type=eventos&#038;p=9475"},"modified":"2024-08-18T23:47:26","modified_gmt":"2024-08-18T23:47:26","slug":"a-baleia-a-caravela-portuguesa","status":"publish","type":"eventos","link":"https:\/\/www.catraia.pt\/en\/programa\/a-baleia-a-caravela-portuguesa\/","title":{"rendered":"&#8220;A baleia&#8221; &#038; &#8220;A Caravela portuguesa&#8221;"},"content":{"rendered":"<p>A turma de Artes do 10.\u00ba ano da Escola Secund\u00e1ria Lima de Faria (Cantanhede), sob orienta\u00e7\u00e3o do professor M\u00e1rio Ferreira de Almeida, aceitou o desafio lan\u00e7ado pela Catraia e criou 2 pe\u00e7as de TrashArt. \u201cA Baleia\u201d e &#8220;A Caravela Portuguesa&#8221; foram constru\u00eddas a partir de res\u00edduos recolhidos pelos pr\u00f3prios alunos da Escola Secund\u00e1ria Lima-de-Faria, na a\u00e7\u00e3o de limpeza do areal da Praia da Tocha em abril. A parceria entre o Festival Catraia e o Projeto Eco-Escolas pretende fomentar um exerc\u00edcio de consciencializa\u00e7\u00e3o ambiental atrav\u00e9s da arte.<\/p>\n","protected":false},"excerpt":{"rendered":"<p>A turma de Artes do 10.\u00ba ano da Escola Secund\u00e1ria Lima de Faria (Cantanhede), sob orienta\u00e7\u00e3o do professor M\u00e1rio Ferreira de Almeida, aceitou o desafio lan\u00e7ado pela Catraia e criou 2 pe\u00e7as de TrashArt. \u201cA Baleia\u201d e &#8220;A Caravela Portuguesa&#8221; foram constru\u00eddas a partir de res\u00edduos recolhidos pelos pr\u00f3prios alunos da Escola Secund\u00e1ria Lima-de-Faria, na [&hellip;]<\/p>\n","protected":false},"featured_media":0,"menu_order":0,"template":"","meta":{"inline_featured_image":false,"subtitle":"","show-featured-image":"0","showit-minors":"0","local":"Largo da Fonte","event_datetime":1724284800,"dia":1724284800,"hour":"","end-time":"","age":"","fb":"","ig":"","url":"","soundcloud":""},"event_main":[114],"event_type":[31],"edicao":[85,87,88,89,90,86],"class_list":["post-9475","eventos","type-eventos","status-publish","hentry","event_main-arte","event_type-exposicao","edicao-85","edicao-22ago24","edicao-23ago24","edicao-24ago24","edicao-90","edicao-agosto24"],"yoast_head":"<!-- This site is optimized with the Yoast SEO Premium plugin v24.7 (Yoast SEO v24.7) - https:\/\/yoast.com\/wordpress\/plugins\/seo\/ -->\n<title>&quot;A baleia&quot; &amp; &quot;A Caravela portuguesa&quot; - CATRAIA<\/title>\n<meta name=\"robots\" content=\"index, follow, max-snippet:-1, max-image-preview:large, max-video-preview:-1\" \/>\n<link rel=\"canonical\" href=\"https:\/\/www.catraia.pt\/en\/programa\/a-baleia-a-caravela-portuguesa\/\" \/>\n<meta property=\"og:locale\" content=\"en_US\" \/>\n<meta property=\"og:type\" content=\"article\" \/>\n<meta property=\"og:title\" content=\"&quot;A baleia&quot; &amp; &quot;A Caravela portuguesa&quot;\" \/>\n<meta property=\"og:description\" content=\"A turma de Artes do 10.\u00ba ano da Escola Secund\u00e1ria Lima de Faria (Cantanhede), sob orienta\u00e7\u00e3o do professor M\u00e1rio Ferreira de Almeida, aceitou o desafio lan\u00e7ado pela Catraia e criou 2 pe\u00e7as de TrashArt. \u201cA Baleia\u201d e &#8220;A Caravela Portuguesa&#8221; foram constru\u00eddas a partir de res\u00edduos recolhidos pelos pr\u00f3prios alunos da Escola Secund\u00e1ria Lima-de-Faria, na [&hellip;]\" \/>\n<meta property=\"og:url\" content=\"https:\/\/www.catraia.pt\/en\/programa\/a-baleia-a-caravela-portuguesa\/\" \/>\n<meta property=\"og:site_name\" content=\"CATRAIA\" \/>\n<meta property=\"article:modified_time\" content=\"2024-08-18T23:47:26+00:00\" \/>\n<meta name=\"twitter:card\" content=\"summary_large_image\" \/>\n<meta name=\"twitter:label1\" content=\"Est. reading time\" \/>\n\t<meta name=\"twitter:data1\" content=\"1 minute\" \/>\n<script type=\"application\/ld+json\" class=\"yoast-schema-graph\">{\"@context\":\"https:\/\/schema.org\",\"@graph\":[{\"@type\":\"WebPage\",\"@id\":\"https:\/\/www.catraia.pt\/programa\/a-baleia-a-caravela-portuguesa\/\",\"url\":\"https:\/\/www.catraia.pt\/programa\/a-baleia-a-caravela-portuguesa\/\",\"name\":\"\\\"A baleia\\\" & \\\"A Caravela portuguesa\\\" - CATRAIA\",\"isPartOf\":{\"@id\":\"https:\/\/www.catraia.pt\/#website\"},\"datePublished\":\"2024-08-06T20:04:47+00:00\",\"dateModified\":\"2024-08-18T23:47:26+00:00\",\"breadcrumb\":{\"@id\":\"https:\/\/www.catraia.pt\/programa\/a-baleia-a-caravela-portuguesa\/#breadcrumb\"},\"inLanguage\":\"en-US\",\"potentialAction\":[{\"@type\":\"ReadAction\",\"target\":[\"https:\/\/www.catraia.pt\/programa\/a-baleia-a-caravela-portuguesa\/\"]}]},{\"@type\":\"BreadcrumbList\",\"@id\":\"https:\/\/www.catraia.pt\/programa\/a-baleia-a-caravela-portuguesa\/#breadcrumb\",\"itemListElement\":[{\"@type\":\"ListItem\",\"position\":1,\"name\":\"In\u00edcio\",\"item\":\"https:\/\/www.catraia.pt\/\"},{\"@type\":\"ListItem\",\"position\":2,\"name\":\"Programa\u00e7\u00e3o\",\"item\":\"https:\/\/www.catraia.pt\/programa\/\"},{\"@type\":\"ListItem\",\"position\":3,\"name\":\"&#8220;A baleia&#8221; &#038; &#8220;A Caravela portuguesa&#8221;\"}]},{\"@type\":\"WebSite\",\"@id\":\"https:\/\/www.catraia.pt\/#website\",\"url\":\"https:\/\/www.catraia.pt\/\",\"name\":\"CATRAIA\",\"description\":\"A MAR\u00c9 DE ARTE SUSTENT\u00c1VEL\",\"publisher\":{\"@id\":\"https:\/\/www.catraia.pt\/#organization\"},\"potentialAction\":[{\"@type\":\"SearchAction\",\"target\":{\"@type\":\"EntryPoint\",\"urlTemplate\":\"https:\/\/www.catraia.pt\/?s={search_term_string}\"},\"query-input\":{\"@type\":\"PropertyValueSpecification\",\"valueRequired\":true,\"valueName\":\"search_term_string\"}}],\"inLanguage\":\"en-US\"},{\"@type\":\"Organization\",\"@id\":\"https:\/\/www.catraia.pt\/#organization\",\"name\":\"CATRAIA\",\"url\":\"https:\/\/www.catraia.pt\/\",\"logo\":{\"@type\":\"ImageObject\",\"inLanguage\":\"en-US\",\"@id\":\"https:\/\/www.catraia.pt\/#\/schema\/logo\/image\/\",\"url\":\"https:\/\/www.catraia.pt\/wp-content\/uploads\/2023\/03\/Group.svg\",\"contentUrl\":\"https:\/\/www.catraia.pt\/wp-content\/uploads\/2023\/03\/Group.svg\",\"width\":205,\"height\":46,\"caption\":\"CATRAIA\"},\"image\":{\"@id\":\"https:\/\/www.catraia.pt\/#\/schema\/logo\/image\/\"}}]}<\/script>\n<!-- \/ Yoast SEO Premium plugin. -->","yoast_head_json":{"title":"\"A baleia\" & \"A Caravela portuguesa\" - CATRAIA","robots":{"index":"index","follow":"follow","max-snippet":"max-snippet:-1","max-image-preview":"max-image-preview:large","max-video-preview":"max-video-preview:-1"},"canonical":"https:\/\/www.catraia.pt\/en\/programa\/a-baleia-a-caravela-portuguesa\/","og_locale":"en_US","og_type":"article","og_title":"\"A baleia\" & \"A Caravela portuguesa\"","og_description":"A turma de Artes do 10.\u00ba ano da Escola Secund\u00e1ria Lima de Faria (Cantanhede), sob orienta\u00e7\u00e3o do professor M\u00e1rio Ferreira de Almeida, aceitou o desafio lan\u00e7ado pela Catraia e criou 2 pe\u00e7as de TrashArt. \u201cA Baleia\u201d e &#8220;A Caravela Portuguesa&#8221; foram constru\u00eddas a partir de res\u00edduos recolhidos pelos pr\u00f3prios alunos da Escola Secund\u00e1ria Lima-de-Faria, na [&hellip;]","og_url":"https:\/\/www.catraia.pt\/en\/programa\/a-baleia-a-caravela-portuguesa\/","og_site_name":"CATRAIA","article_modified_time":"2024-08-18T23:47:26+00:00","twitter_card":"summary_large_image","twitter_misc":{"Est. reading time":"1 minute"},"schema":{"@context":"https:\/\/schema.org","@graph":[{"@type":"WebPage","@id":"https:\/\/www.catraia.pt\/programa\/a-baleia-a-caravela-portuguesa\/","url":"https:\/\/www.catraia.pt\/programa\/a-baleia-a-caravela-portuguesa\/","name":"\"A baleia\" & \"A Caravela portuguesa\" - CATRAIA","isPartOf":{"@id":"https:\/\/www.catraia.pt\/#website"},"datePublished":"2024-08-06T20:04:47+00:00","dateModified":"2024-08-18T23:47:26+00:00","breadcrumb":{"@id":"https:\/\/www.catraia.pt\/programa\/a-baleia-a-caravela-portuguesa\/#breadcrumb"},"inLanguage":"en-US","potentialAction":[{"@type":"ReadAction","target":["https:\/\/www.catraia.pt\/programa\/a-baleia-a-caravela-portuguesa\/"]}]},{"@type":"BreadcrumbList","@id":"https:\/\/www.catraia.pt\/programa\/a-baleia-a-caravela-portuguesa\/#breadcrumb","itemListElement":[{"@type":"ListItem","position":1,"name":"In\u00edcio","item":"https:\/\/www.catraia.pt\/"},{"@type":"ListItem","position":2,"name":"Programa\u00e7\u00e3o","item":"https:\/\/www.catraia.pt\/programa\/"},{"@type":"ListItem","position":3,"name":"&#8220;A baleia&#8221; &#038; &#8220;A Caravela portuguesa&#8221;"}]},{"@type":"WebSite","@id":"https:\/\/www.catraia.pt\/#website","url":"https:\/\/www.catraia.pt\/","name":"CATRAIA","description":"A MAR\u00c9 DE ARTE SUSTENT\u00c1VEL","publisher":{"@id":"https:\/\/www.catraia.pt\/#organization"},"potentialAction":[{"@type":"SearchAction","target":{"@type":"EntryPoint","urlTemplate":"https:\/\/www.catraia.pt\/?s={search_term_string}"},"query-input":{"@type":"PropertyValueSpecification","valueRequired":true,"valueName":"search_term_string"}}],"inLanguage":"en-US"},{"@type":"Organization","@id":"https:\/\/www.catraia.pt\/#organization","name":"CATRAIA","url":"https:\/\/www.catraia.pt\/","logo":{"@type":"ImageObject","inLanguage":"en-US","@id":"https:\/\/www.catraia.pt\/#\/schema\/logo\/image\/","url":"https:\/\/www.catraia.pt\/wp-content\/uploads\/2023\/03\/Group.svg","contentUrl":"https:\/\/www.catraia.pt\/wp-content\/uploads\/2023\/03\/Group.svg","width":205,"height":46,"caption":"CATRAIA"},"image":{"@id":"https:\/\/www.catraia.pt\/#\/schema\/logo\/image\/"}}]}},"_links":{"self":[{"href":"https:\/\/www.catraia.pt\/en\/wp-json\/wp\/v2\/eventos\/9475","targetHints":{"allow":["GET"]}}],"collection":[{"href":"https:\/\/www.catraia.pt\/en\/wp-json\/wp\/v2\/eventos"}],"about":[{"href":"https:\/\/www.catraia.pt\/en\/wp-json\/wp\/v2\/types\/eventos"}],"version-history":[{"count":1,"href":"https:\/\/www.catraia.pt\/en\/wp-json\/wp\/v2\/eventos\/9475\/revisions"}],"predecessor-version":[{"id":9478,"href":"https:\/\/www.catraia.pt\/en\/wp-json\/wp\/v2\/eventos\/9475\/revisions\/9478"}],"wp:attachment":[{"href":"https:\/\/www.catraia.pt\/en\/wp-json\/wp\/v2\/media?parent=9475"}],"wp:term":[{"taxonomy":"event_main","embeddable":true,"href":"https:\/\/www.catraia.pt\/en\/wp-json\/wp\/v2\/event_main?post=9475"},{"taxonomy":"event_type","embeddable":true,"href":"https:\/\/www.catraia.pt\/en\/wp-json\/wp\/v2\/event_type?post=9475"},{"taxonomy":"edicao","embeddable":true,"href":"https:\/\/www.catraia.pt\/en\/wp-json\/wp\/v2\/edicao?post=9475"}],"curies":[{"name":"wp","href":"https:\/\/api.w.org\/{rel}","templated":true}]}}

<p>A turma de Artes do 10.º ano da Escola Secundária Lima de Faria (Cantanhede), sob orientação do professor Mário Ferreira de Almeida, aceitou o desafio lançado pela Catraia e criou 2 peças de TrashArt. “A Baleia” e &#8220;A Caravela Portuguesa&#8221; foram construídas a partir de resíduos recolhidos pelos próprios alunos da Escola Secundária Lima-de-Faria, na ação de limpeza do areal da Praia da Tocha em abril. A parceria entre o Festival Catraia e o Projeto Eco-Escolas pretende fomentar um exercício de consciencialização ambiental através da arte.</p>

<p>A turma de Artes do 10.º ano da Escola Secundária Lima de Faria (Cantanhede), sob orientação do professor Mário Ferreira de Almeida, aceitou o desafio lançado pela Catraia e criou 2 peças de TrashArt. “A Baleia” e &#8220;A Caravela Portuguesa&#8221; foram construídas a partir de resíduos recolhidos pelos próprios alunos da Escola Secundária Lima-de-Faria, na [&hellip;]</p>

<!-- This site is optimized with the Yoast SEO Premium plugin v24.7 (Yoast SEO v24.7) - https://yoast.com/wordpress/plugins/seo/ -->
<title>&quot;A baleia&quot; &amp; &quot;A Caravela portuguesa&quot; - CATRAIA</title>
<meta name="robots" content="index, follow, max-snippet:-1, max-image-preview:large, max-video-preview:-1" />
<link rel="canonical" href="https://www.catraia.pt/en/programa/a-baleia-a-caravela-portuguesa/" />
<meta property="og:locale" content="en_US" />
<meta property="og:type" content="article" />
<meta property="og:title" content="&quot;A baleia&quot; &amp; &quot;A Caravela portuguesa&quot;" />
<meta property="og:description" content="A turma de Artes do 10.º ano da Escola Secundária Lima de Faria (Cantanhede), sob orientação do professor Mário Ferreira de Almeida, aceitou o desafio lançado pela Catraia e criou 2 peças de TrashArt. “A Baleia” e &#8220;A Caravela Portuguesa&#8221; foram construídas a partir de resíduos recolhidos pelos próprios alunos da Escola Secundária Lima-de-Faria, na [&hellip;]" />
<meta property="og:url" content="https://www.catraia.pt/en/programa/a-baleia-a-caravela-portuguesa/" />
<meta property="og:site_name" content="CATRAIA" />
<meta property="article:modified_time" content="2024-08-18T23:47:26+00:00" />
<meta name="twitter:card" content="summary_large_image" />
<meta name="twitter:label1" content="Est. reading time" />
	<meta name="twitter:data1" content="1 minute" />
<script type="application/ld+json" class="yoast-schema-graph">{"@context":"https://schema.org","@graph":[{"@type":"WebPage","@id":"https://www.catraia.pt/programa/a-baleia-a-caravela-portuguesa/","url":"https://www.catraia.pt/programa/a-baleia-a-caravela-portuguesa/","name":"\"A baleia\" & \"A Caravela portuguesa\" - CATRAIA","isPartOf":{"@id":"https://www.catraia.pt/#website"},"datePublished":"2024-08-06T20:04:47+00:00","dateModified":"2024-08-18T23:47:26+00:00","breadcrumb":{"@id":"https://www.catraia.pt/programa/a-baleia-a-caravela-portuguesa/#breadcrumb"},"inLanguage":"en-US","potentialAction":[{"@type":"ReadAction","target":["https://www.catraia.pt/programa/a-baleia-a-caravela-portuguesa/"]}]},{"@type":"BreadcrumbList","@id":"https://www.catraia.pt/programa/a-baleia-a-caravela-portuguesa/#breadcrumb","itemListElement":[{"@type":"ListItem","position":1,"name":"Início","item":"https://www.catraia.pt/"},{"@type":"ListItem","position":2,"name":"Programação","item":"https://www.catraia.pt/programa/"},{"@type":"ListItem","position":3,"name":"&#8220;A baleia&#8221; &#038; &#8220;A Caravela portuguesa&#8221;"}]},{"@type":"WebSite","@id":"https://www.catraia.pt/#website","url":"https://www.catraia.pt/","name":"CATRAIA","description":"A MARÉ DE ARTE SUSTENTÁVEL","publisher":{"@id":"https://www.catraia.pt/#organization"},"potentialAction":[{"@type":"SearchAction","target":{"@type":"EntryPoint","urlTemplate":"https://www.catraia.pt/?s={search_term_string}"},"query-input":{"@type":"PropertyValueSpecification","valueRequired":true,"valueName":"search_term_string"}}],"inLanguage":"en-US"},{"@type":"Organization","@id":"https://www.catraia.pt/#organization","name":"CATRAIA","url":"https://www.catraia.pt/","logo":{"@type":"ImageObject","inLanguage":"en-US","@id":"https://www.catraia.pt/#/schema/logo/image/","url":"https://www.catraia.pt/wp-content/uploads/2023/03/Group.svg","contentUrl":"https://www.catraia.pt/wp-content/uploads/2023/03/Group.svg","width":205,"height":46,"caption":"CATRAIA"},"image":{"@id":"https://www.catraia.pt/#/schema/logo/image/"}}]}</script>
<!-- / Yoast SEO Premium plugin. -->

A turma de Artes do 10.º ano da Escola Secundária Lima de Faria (Cantanhede), sob orientação do professor Mário Ferreira de Almeida, aceitou o desafio lançado pela Catraia e criou 2 peças de TrashArt. “A Baleia” e &#8220;A Caravela Portuguesa&#8221; foram construídas a partir de resíduos recolhidos pelos próprios alunos da Escola Secundária Lima-de-Faria, na [&hellip;]

Início

Programação

A MARÉ DE ARTE SUSTENTÁVEL
